?
False
Is 103549 prime?
True
Is 552149 composite?
True
Is 17905 prime?
False
Is 3093 prime?
False
Is 777349 a composite number?
False
Is 4117 a composite number?
True
Is 21439 prime?
False
Is 54251 a composite number?
False
Is 74267 prime?
False
Is 369131 a composite number?
True
Is 1311563 prime?
False
Is 12677 a prime number?
False
Is 86947 a composite number?
True
Is 8642905 a composite number?
True
Is 526249 a prime number?
True
Is 407 prime?
False
Is 1084489 a prime number?
False
Is 44245 composite?
True
Is 369353 a prime number?
True
Is 72073 a prime number?
True
Is 97283 composite?
False
Is 28387 prime?
True
Is 11273 a composite number?
False
Is 16603 a composite number?
False
Is 50483 a prime number?
False
Is 3734 a prime number?
False
Is 38903 a prime number?
True
Is 10817 a composite number?
True
Is 8663 composite?
False
Is 118798 prime?
False
Is 41533 composite?
True
Is 21661 a composite number?
False
Is 330547 a composite number?
True
Is 5069 a prime number?
False
Is 1321607 composite?
True
Is 10418 prime?
False
Is 59009 composite?
False
Is 909838 composite?
True
Is 30983 a composite number?
False
Is 240473 prime?
True
Is 71567 a composite number?
True
Is 20413 a prime number?
False
Is 38585 composite?
True
Is 882679 a prime number?
False
Is 14857 prime?
False
Is 43729 composite?
True
Is 408571 a prime number?
False
Is 8081 a composite number?
False
Is 22809 a composite number?
True
Is 420383 prime?
True
Is 8743 prime?
False
Is 577579 composite?
True
Is 31399 a prime number?
False
Is 367469 prime?
True
Is 49273 composite?
True
Is 300299 prime?
True
Is 68171 composite?
False
Is 5479 a prime number?
True
Is 1417933 a prime number?
False
Is 7069 composite?
False
Is 9103 composite?
False
Is 178229 composite?
True
Is 156473 prime?
False
Is 241093 composite?
False
Is 21943 a prime number?
True
Is 1103293 composite?
False
Is 383963 a prime number?
True
Is 14471 prime?
False
Is 7111 composite?
True
Is 679 composite?
True
Is 27611 composite?
False
Is 348487 a prime number?
True
Is 205289 composite?
True
Is 7363 composite?
True
Is 7993 a prime number?
True
Is 7513 prime?
False
Is 224335 a composite number?
True
Is 233477 prime?
True
Is 31781 prime?
False
Is 24209 a composite number?
True
Is 174359 a composite number?
True
Is 6197 composite?
False
Is 13343 a prime number?
False
Is 24537 a composite number?
True
Is 82 a composite number?
True
Is 364729 composite?
True
Is 138365 composite?
True
Is 34409 a composite number?
True
Is 7339 composite?
True
Is 2348077 a prime number?
False
Is 2921 a prime number?
False
Is 34163 a composite number?
True
Is 5583 a composite number?
True
Is 159837 a prime number?
False
Is 20323 a prime number?
True
Is 131009 a prime number?
True
Is 626183 composite?
True
Is 7603 a composite number?
False
Is 333071 prime?
True
Is 17257 a prime number?
True
Is 307 composite?
False
Is 259271 a prime number?
True
Is 68741 a prime number?
False
Is 36737 prime?
False
Is 2059 a prime number?
False
Is 320263 composite?
True
Is 3491 composite?
False
Is 29459 composite?
True
Is 27011 prime?
True
Is 69159 composite?
True
Is 30029 a prime number?
True
Is 30869 composite?
False
Is 22179 composite?
True
Is 8903 a prime number?
False
Is 66919 a composite number?
False
Is 243889 a prime number?
True
Is 6779 a composite number?
False
Is 17519 composite?
False
Is 204481 prime?
True
Is 38585 a prime number?
False
Is 468701 composite?
True
Is 4621 a prime number?
True
Is 255361 a prime number?
True
Is 3251 prime?
True
Is 26639 prime?
False
Is 29347 composite?
False
Is 8941 a composite number?
False
Is 2167 prime?
False
Is 1723 prime?
True
Is 1041763 a prime number?
False
Is 163811 composite?
False
Is 330029 a composite number?
True
Is 7169 a composite number?
True
Is 38219 prime?
True
Is 168667 a composite number?
True
Is 23549 a prime number?
True
Is 58889 composite?
False
Is 15413 a composite number?
False
Is 8263 a composite number?
False
Is 5273 composite?
False
Is 77629 a composite number?
True
Is 4267 composite?
True
Is 355765 a prime number?
False
Is 180949 prime?
True
Is 2184049 composite?
True
Is 1727 prime?
False
Is 17059 prime?
False
Is 5223 a prime number?
False
Is 70442 a composite number?
True
Is 173015 prime?
False
Is 60829 a composite number?
True
Is 57217 prime?
False
Is 89593 prime?
False
Is 430081 composite?
False
Is 11027 a composite number?
False
Is 11879 a prime number?
False
Is 195731 a prime number?
True
Is 3147793 a composite number?
True
Is 3149 prime?
False
Is 2179 composite?
False
Is 27403 a prime number?
False
Is 16163 prime?
False
Is 111761 prime?
False
Is 93103 a composite number?
False
Is 1108049 prime?
True
Is 196111 a prime number?
True
Is 184747 a prime number?
False
Is 108529 a prime number?
True
Is 162209 a composite number?
False
Is 123665 a prime number?
False
Is 1795439 a prime number?
True
Is 12147 a composite number?
True
Is 58385 a prime number?
False
Is 1528937 a composite number?
False
Is 1641907 prime?
True
Is 1357 prime?
False
Is 6554201 composite?
False
Is 98313 a prime number?
False
Is 53953 a prime number?
False
Is 19553 composite?
False
Is 123295 a prime number?
False
Is 17153 composite?
True
Is 157349 prime?
True
Is 195587 a composite number?
True
Is 54923 a composite number?
True
Is 18806 a composite number?
True
Is 65629 a prime number?
True
Is 306083 a composite number?
False
Is 128099 a prime number?
True
Is 14173 composite?
False
Is 1325747 prime?
False
Is 1178347 composite?
False
Is 18119 prime?
True
Is 66733 composite?
False
Is 44857 composite?
True
Is 259085 a prime number?
False
Is 143251 a composite number?
True
Is 4279 composite?
True
Is 529231 prime?
False
Is 6779 a prime number?
True
Is 259379 a composite number?
False
Is 335479 composite?
True
Is 464629 prime?
False
Is 787 composite?
False
Is 775207 a prime number?
False
Is 211 a prime number?
True
Is 4179023 a prime number?
True
Is 7219 a composite number?
False
Is 39529 a composite number?
True
Is 508607 a composite number?
True
Is 28169 a prime number?
False
Is 21253 a prime number?
False
Is 3323 a prime number?
True
Is 9277 prime?
True
Is 68545 composite?
True
Is 995863 composite?
True
Is 551482 a composite number?
True
Is 229987 composite?
True
Is 3299 a composite number?
False
Is 36257 a prime number?
False
Is 2393 a prime number?
True
Is 4012769 a composite number?
False
Is 826129 composite?
False
Is 294379 a composite number?
True
Is 166981 a prime number?
False
Is 12767 prime?
False
Is 6931 composite?
True
Is 10579 a composite number?
True
Is 341945 a composite number?
True
Is 196247 composite?
False
Is 49297 composite?
False
Is 519461 a composite number?
True
Is 3427 a prime number?
False
Is 83969 prime?
True
Is 104163 a prime number?
False
Is 128999 a prime number?
False
Is 907637 composite?
False
Is 24439 composite?
False
Is 297031 composite?
True
Is 206611 a prime number?
False
Is 29518 a prime number?
False
Is 61154 composite?
True
Is 1219 a prime number?
False
Is 135397 composite?
True
Is 38747 a composite number?
False
Is 41119 a composite number?
True
Is 12271 a prime number?
False
Is 57197 a prime number?
False
Is 622241 prime?
True
Is 1227 prime?
False
Is 120269 a composite number?
True
Is 102667 composite?
False
Is 48007 prime?
False
Is 3659 a prime number?
True
Is 124859 composite?
True
Is 1255 composite?
True
Is 7349 a prime number?
True
Is 280753 a prime number?
False
Is 429673 composite?
False
Is 9157 a prime number?
True
Is 3763 a composite number?
True
Is 4406 prime?
False
Is 98858 a prime number?
False
Is 387707 prime?
True
Is 16843 prime?
True
Is 15259 composite?
False
Is 49683 a composite number?
True
Is 20095 a prime number?
False
Is 9239 composite?
False
Is 7801 a prime number?
False
Is 199151 a prime number?
True
Is 357131 a composite number?
False
Is 296063 a composite number?
True
Is 41569 a prime number?
False
Is 35589 composite?
True
Is 1757 prime?
False
Is 2938213 prime?
True
Is 18229 a prime number?
True
Is 3599 prime?
False
Is 618023 a prime number?
False
Is 45583 a composite number?
True
Is 4789 a prime number?
True
Is 13501 a composite number?
True
Is 28319 composite?
False
Is 589387 prime?
True
Is 18079 prime?
False
Is 91229 a composite number?
False
Is 1087 composite?
False
Is